{"id":9758,"date":"2025-11-25T18:08:55","date_gmt":"2025-11-25T18:08:55","guid":{"rendered":"https:\/\/mnkseguroscr.com\/mnk-new\/?page_id=9758"},"modified":"2026-04-07T14:42:43","modified_gmt":"2026-04-07T14:42:43","slug":"trabaja-con-nosotros","status":"publish","type":"page","link":"https:\/\/mnkseguroscr.com\/mnk-new\/trabaja-con-nosotros\/","title":{"rendered":"Trabaj\u00e1 con nosotros"},"content":{"rendered":"\t\t<div data-elementor-type=\"wp-page\" data-elementor-id=\"9758\" class=\"elementor elementor-9758\" wpc-filter-elementor-widget=\"1\">\n\t\t\t\t<div class=\"elementor-element elementor-element-5dd1a6b e-flex e-con-boxed e-con e-parent\" data-id=\"5dd1a6b\" data-element_type=\"container\" data-e-type=\"container\">\n\t\t\t\t\t<div class=\"e-con-inner\">\n\t\t\t\t<div class=\"elementor-element elementor-element-65b4d56 elementor-widget elementor-widget-text-editor\" data-id=\"65b4d56\" data-element_type=\"widget\" data-e-type=\"widget\" data-widget_type=\"text-editor.default\">\n\t\t\t\t<div class=\"elementor-widget-container\">\n\t\t\t\t\t\t\t\t\t<style>\n  \/* ESTANDARIZACI\u00d3N SECCI\u00d3N EMPLEO MNK *\/\n  .seccion-empleo {\n    font-family: 'Montserrat', sans-serif !important;\n    color: #000000 !important;\n    line-height: 1.6;\n    width: 100%;\n    text-align: left !important;\n  }\n\n  .texto-introductorio {\n    font-weight: 500 !important;\n    font-size: 16px;\n    margin-bottom: 20px;\n    display: block;\n  }\n\n  .titulo-pasos {\n    font-weight: 600 !important;\n    font-size: 20px;\n    color: #106073 !important;\n    margin: 25px 0 15px 0;\n    text-align: left !important;\n  }\n\n  \/* LISTA ANIDADA *\/\n  .lista-pasos {\n    list-style: none;\n    margin: 0 !important;\n    padding-left: 30px !important; \/* Mantiene el anidado hacia adentro *\/\n  }\n\n  .lista-pasos li {\n    font-weight: 500 !important;\n    margin-bottom: 15px;\n    text-align: left !important;\n    display: flex !important;\n    align-items: flex-start !important;\n  }\n\n  \/* N\u00daMEROS: Sin color y a la par del texto *\/\n  .lista-pasos li strong {\n    font-weight: 600 !important;\n    color: #000000 !important; \/* Quitamos el azul, ahora es negro *\/\n    min-width: 20px; \/* Ancho justo para el n\u00famero y el punto *\/\n    margin-right: 5px; \/* Pegado al texto *\/\n    display: inline-block;\n  }\n\n  .lista-pasos li span {\n    display: block;\n    flex: 1; \/* Hace que el texto tome el resto del espacio *\/\n  }\n<\/style>\n\n<div class=\"seccion-empleo\">\n  <span class=\"texto-introductorio\">\n    Unite a nuestra familia y form\u00e1 parte de un entorno de colaboraci\u00f3n, lleno de grandes retos profesionales. Aprovech\u00e1 la oportunidad de desarrollarte como profesional y persona. En MNK Seguros, te ofrecemos un moderno y atractivo programa de compensaci\u00f3n y beneficios, as\u00ed como una cultura colaborativa donde todos participan para construir un buen lugar para trabajar.\n  <\/span>\n\n  <h2 class=\"titulo-pasos\">Pasos para unirte a nuestra familia:<\/h2>\n\n  <ul class=\"lista-pasos\">\n    <li><strong>1.<\/strong> <span>Remit\u00ed tu curr\u00edculum vitae mediante el formulario que encontrar\u00e1s en esta p\u00e1gina. Estamos en constante an\u00e1lisis de todas las solicitudes.<\/span><\/li>\n    <li><strong>2.<\/strong> <span>Si cumpl\u00eds con los requisitos acad\u00e9micos, habilidades y experiencia, nuestros reclutadores de talento te contactar\u00e1n por tel\u00e9fono o correo electr\u00f3nico.<\/span><\/li>\n    <li><strong>3.<\/strong> <span>Te llamaremos para mantener un primer encuentro que nos ayude a determinar tu perfil como candidato\/a: detalles sobre experiencia profesional y algunas preguntas basadas en las competencias espec\u00edficas para la posici\u00f3n.<\/span><\/li>\n    <li><strong>4.<\/strong> <span>Una vez concluido este proceso, te solicitaremos los atestados acad\u00e9micos y requisitos para el cargo. Los candidatos preseleccionados ser\u00e1n convocados a una entrevista personal con nuestros reclutadores de talentos, donde se profundizar\u00e1 sobre tu curr\u00edculum.<\/span><\/li>\n    <li><strong>5.<\/strong> <span>En funci\u00f3n de la posici\u00f3n a cubrir, te solicitaremos la realizaci\u00f3n de pruebas, test y\/o evaluaciones concretas sobre requisitos espec\u00edficos del puesto. Adem\u00e1s, te pediremos referencias profesionales.<\/span><\/li>\n    <li><strong>6.<\/strong> <span>Los candidatos preseleccionados por el Departamento de Desarrollo Organizacional y Gesti\u00f3n Humana ser\u00e1n convocados a una entrevista t\u00e9cnica con el gerente del departamento solicitante.<\/span><\/li>\n    <li><strong>7.<\/strong> <span>Si sos seleccionado o seleccionada, te llamaremos y te haremos una oferta para trabajar con nosotros.<\/span><\/li>\n    <li><strong>8.<\/strong> <span>Si acept\u00e1s nuestra oferta, formalizaremos una fecha de incorporaci\u00f3n y la documentaci\u00f3n necesaria para que form\u00e9s parte de nuestra familia.<\/span><\/li>\n  <\/ul>\n<\/div>\t\t\t\t\t\t\t\t<\/div>\n\t\t\t\t<\/div>\n\t\t\t\t\t<\/div>\n\t\t\t\t<\/div>\n\t\t<div class=\"elementor-element elementor-element-6ed0bb4 e-flex e-con-boxed e-con e-parent\" data-id=\"6ed0bb4\" data-element_type=\"container\" data-e-type=\"container\">\n\t\t\t\t\t<div class=\"e-con-inner\">\n\t\t\t\t<div class=\"elementor-element elementor-element-682d03d elementor-widget elementor-widget-spacer\" data-id=\"682d03d\" data-element_type=\"widget\" data-e-type=\"widget\" data-widget_type=\"spacer.default\">\n\t\t\t\t<div class=\"elementor-widget-container\">\n\t\t\t\t\t\t\t<div class=\"elementor-spacer\">\n\t\t\t<div class=\"elementor-spacer-inner\"><\/div>\n\t\t<\/div>\n\t\t\t\t\t\t<\/div>\n\t\t\t\t<\/div>\n\t\t\t\t\t<\/div>\n\t\t\t\t<\/div>\n\t\t<div class=\"elementor-element elementor-element-9f54e14 e-flex e-con-boxed e-con e-parent\" data-id=\"9f54e14\" data-element_type=\"container\" data-e-type=\"container\">\n\t\t\t\t\t<div class=\"e-con-inner\">\n\t\t\t\t<div class=\"elementor-element elementor-element-a6bd149 elementor-widget elementor-widget-heading\" data-id=\"a6bd149\" data-element_type=\"widget\" data-e-type=\"widget\" data-widget_type=\"heading.default\">\n\t\t\t\t<div class=\"elementor-widget-container\">\n\t\t\t\t\t<h2 class=\"elementor-heading-title elementor-size-default\">\u00bfTe gustar\u00eda formar parte de nuestro equipo?<\/h2>\t\t\t\t<\/div>\n\t\t\t\t<\/div>\n\t\t\t\t\t<\/div>\n\t\t\t\t<\/div>\n\t\t<div class=\"elementor-element elementor-element-b8aca19 e-flex e-con-boxed e-con e-parent\" data-id=\"b8aca19\" data-element_type=\"container\" data-e-type=\"container\">\n\t\t\t\t\t<div class=\"e-con-inner\">\n\t\t\t\t<div class=\"elementor-element elementor-element-ec171f7 elementor-widget elementor-widget-shortcode\" data-id=\"ec171f7\" data-element_type=\"widget\" data-e-type=\"widget\" data-widget_type=\"shortcode.default\">\n\t\t\t\t<div class=\"elementor-widget-container\">\n\t\t\t\t\t\t\t<div class=\"elementor-shortcode\"><style id=\"wpforms-css-vars-9788\">\n\t\t\t\t#wpforms-9788 {\n\t\t\t\t--wpforms-field-border-color: rgba(0, 0, 0, 0.25);\n--wpforms-field-border-color-spare: rgba(0, 0, 0, 0.25);\n--wpforms-field-text-color: rgba(0, 0, 0, 0.7);\n--wpforms-label-color: rgba(0, 0, 0, 0.85);\n--wpforms-label-sublabel-color: rgba(0, 0, 0, 0.55);\n--wpforms-button-border-style: solid;\n--wpforms-button-background-color: #006061;\n--wpforms-button-border-color: #006061;\n--wpforms-container-padding: 0px;\n--wpforms-container-border-width: 1px;\n--wpforms-container-border-radius: 3px;\n--wpforms-background-color: rgba(0, 0, 0, 0);\n--wpforms-field-size-input-height: 43px;\n--wpforms-field-size-input-spacing: 15px;\n--wpforms-field-size-font-size: 16px;\n--wpforms-field-size-line-height: 19px;\n--wpforms-field-size-padding-h: 14px;\n--wpforms-field-size-checkbox-size: 16px;\n--wpforms-field-size-sublabel-spacing: 5px;\n--wpforms-field-size-icon-size: 1;\n--wpforms-label-size-font-size: 16px;\n--wpforms-label-size-line-height: 19px;\n--wpforms-label-size-sublabel-font-size: 14px;\n--wpforms-label-size-sublabel-line-height: 17px;\n--wpforms-button-size-font-size: 17px;\n--wpforms-button-size-height: 41px;\n--wpforms-button-size-padding-h: 15px;\n--wpforms-button-size-margin-top: 10px;\n--wpforms-container-shadow-size-box-shadow: none;\n\t\t\t}\n\t\t\t<\/style><style id=\"wpforms-css-vars-9788-custom-css\">\n\t\t\t\t#wpforms-9788 {\n\t\t\t\t\t\/* =========================================\r\n   FORMALIZACI\u00d3N DE FUENTES - WPFORMS MNK\r\n   ========================================= *\/\r\n\r\n\/* 1. Importar Montserrat *\/\r\n@import url('https:\/\/fonts.googleapis.com\/css2?family=Montserrat:wght@400;500;600&display=swap');\r\n\r\n\/* 2. Aplicar Montserrat a todos los elementos del formulario *\/\r\n.wpforms-container, \r\n.wpforms-container p, \r\n.wpforms-container span, \r\n.wpforms-container label, \r\n.wpforms-container input, \r\n.wpforms-container textarea, \r\n.wpforms-container select,\r\n.wpforms-container button {\r\n    font-family: 'Montserrat', sans-serif !important;\r\n    color: #000000 !important; \/* Negro puro por defecto *\/\r\n}\r\n\r\n\/* 3. T\u00edtulos de los campos (Labels) - Peso 600 y Color Institucional *\/\r\n.wpforms-field-label {\r\n    font-weight: 600 !important;\r\n    color: #106073 !important; \/* Azul Petr\u00f3leo MNK *\/\r\n    font-size: 16px !important;\r\n}\r\n\r\n\/* 4. Sub-etiquetas (Nombre, Apellidos) y descripciones - Peso 400 *\/\r\n.wpforms-field-sublabel, \r\n.wpforms-field-description {\r\n    font-weight: 400 !important;\r\n    font-size: 13px !important;\r\n    color: #666666 !important; \/* Gris suave para lectura secundaria *\/\r\n}\r\n\r\n\/* 5. Texto dentro de los campos y desplegables - Peso 500 *\/\r\n.wpforms-field input, \r\n.wpforms-field textarea, \r\n.wpforms-field select {\r\n    font-weight: 500 !important;\r\n    font-size: 14px !important;\r\n    color: #000000 !important;\r\n}\r\n\r\n\/* 6. Bot\u00f3n de Enviar - Peso 600 *\/\r\n.wpforms-submit {\r\n    font-weight: 600 !important;\r\n    font-family: 'Montserrat', sans-serif !important;\r\n    text-transform: none !important; \/* Evita may\u00fasculas autom\u00e1ticas si el tema las pone *\/\r\n}\n\t\t\t\t}\n\t\t\t<\/style><div class=\"wpforms-container wpforms-container-full wpforms-render-modern\" id=\"wpforms-9788\"><form id=\"wpforms-form-9788\" class=\"wpforms-validate wpforms-form wpforms-ajax-form\" data-formid=\"9788\" method=\"post\" enctype=\"multipart\/form-data\" action=\"\/mnk-new\/wp-json\/wp\/v2\/pages\/9758\" data-token=\"ed38ece40cfa0f838062c05bcd66969c\" data-token-time=\"1776549731\"><noscript class=\"wpforms-error-noscript\">Por favor, activa JavaScript en tu navegador para completar este formulario.<\/noscript><div id=\"wpforms-error-noscript\" style=\"display: none;\">Por favor, activa JavaScript en tu navegador para completar este formulario.<\/div><div class=\"wpforms-field-container\"><div id=\"wpforms-9788-field_1-container\" class=\"wpforms-field wpforms-field-name\" data-field-id=\"1\"><fieldset><legend class=\"wpforms-field-label\">Nombre <span class=\"wpforms-required-label\" aria-hidden=\"true\">*<\/span><\/legend><div class=\"wpforms-field-row wpforms-field-medium\"><div class=\"wpforms-field-row-block wpforms-first wpforms-one-half\"><input type=\"text\" id=\"wpforms-9788-field_1\" class=\"wpforms-field-name-first wpforms-field-required\" name=\"wpforms[fields][1][first]\" aria-errormessage=\"wpforms-9788-field_1-error\" required><label for=\"wpforms-9788-field_1\" class=\"wpforms-field-sublabel after\">Nombre<\/label><\/div><div class=\"wpforms-field-row-block wpforms-one-half\"><input type=\"text\" id=\"wpforms-9788-field_1-last\" class=\"wpforms-field-name-last wpforms-field-required\" name=\"wpforms[fields][1][last]\" aria-errormessage=\"wpforms-9788-field_1-last-error\" required><label for=\"wpforms-9788-field_1-last\" class=\"wpforms-field-sublabel after\">Apellidos<\/label><\/div><\/div><\/fieldset><\/div>\t\t<div id=\"wpforms-9788-field_4-container\"\n\t\t\tclass=\"wpforms-field wpforms-field-text\"\n\t\t\tdata-field-type=\"text\"\n\t\t\tdata-field-id=\"4\"\n\t\t\t>\n\t\t\t<label class=\"wpforms-field-label\" for=\"wpforms-9788-field_4\" >N\u00famero que \u00daltimo<\/label>\n\t\t\t<input type=\"text\" id=\"wpforms-9788-field_4\" class=\"wpforms-field-medium\" name=\"wpforms[fields][4]\" >\n\t\t<\/div>\n\t\t<div id=\"wpforms-9788-field_2-container\" class=\"wpforms-field wpforms-field-number\" data-field-id=\"2\"><label class=\"wpforms-field-label\" for=\"wpforms-9788-field_2\">N\u00famero de tel\u00e9fono <span class=\"wpforms-required-label\" aria-hidden=\"true\">*<\/span><\/label><input type=\"number\" id=\"wpforms-9788-field_2\" class=\"wpforms-field-medium wpforms-field-required\" name=\"wpforms[fields][2]\" step=\"any\" aria-errormessage=\"wpforms-9788-field_2-error\" required><\/div><div id=\"wpforms-9788-field_3-container\" class=\"wpforms-field wpforms-field-email\" data-field-id=\"3\"><label class=\"wpforms-field-label\" for=\"wpforms-9788-field_3\">Correo electr\u00f3nico <span class=\"wpforms-required-label\" aria-hidden=\"true\">*<\/span><\/label><input type=\"email\" id=\"wpforms-9788-field_3\" class=\"wpforms-field-medium wpforms-field-required\" name=\"wpforms[fields][3]\" spellcheck=\"false\" aria-errormessage=\"wpforms-9788-field_3-error\" required><\/div><div id=\"wpforms-9788-field_5-container\" class=\"wpforms-field wpforms-field-payment-select wpforms-field-select-style-modern\" data-field-id=\"5\"><label class=\"wpforms-field-label\" for=\"wpforms-9788-field_5\">\u00c1rea en la que ten\u00e9s inter\u00e9s: <span class=\"wpforms-required-label\" aria-hidden=\"true\">*<\/span><\/label><select id=\"wpforms-9788-field_5\" class=\"wpforms-payment-price wpforms-field-medium wpforms-field-required choicesjs-select\" data-size-class=\"wpforms-field-row wpforms-field-medium\" data-search-enabled=\"1\" name=\"wpforms[fields][5]\" required=\"required\"><option value=\"\" class=\"placeholder\" disabled  selected='selected'>Selecciona una opci\u00f3n<\/option><option value=\"1\" data-amount=\"0.00\" data-custom-properties=\"0.00\" >Administraci\u00f3n y finanzas<\/option><option value=\"15\" data-amount=\"0.00\" data-custom-properties=\"0.00\" >Aseguramiento<\/option><option value=\"2\" data-amount=\"0.00\" data-custom-properties=\"0.00\" >Cauci\u00f3n<\/option><option value=\"3\" data-amount=\"0.00\" data-custom-properties=\"0.00\" >Comercial<\/option><option value=\"4\" data-amount=\"0.00\" data-custom-properties=\"0.00\" >Control, Auditor\u00eda y Cumplimiento<\/option><option value=\"5\" data-amount=\"0.00\" data-custom-properties=\"0.00\" >Desarrollo Organizacional<\/option><option value=\"6\" data-amount=\"0.00\" data-custom-properties=\"0.00\" >Indemnizaciones Autom\u00f3viles<\/option><option value=\"7\" data-amount=\"0.00\" data-custom-properties=\"0.00\" >Indemnizaciones Patrimoniales<\/option><option value=\"16\" data-amount=\"0.00\" data-custom-properties=\"0.00\" >Mejora Continua<\/option><option value=\"8\" data-amount=\"0.00\" data-custom-properties=\"0.00\" >Mercadeo<\/option><option value=\"9\" data-amount=\"0.00\" data-custom-properties=\"0.00\" >Reaseguro<\/option><option value=\"10\" data-amount=\"0.00\" data-custom-properties=\"0.00\" >Riesgos del Trabajo<\/option><option value=\"11\" data-amount=\"0.00\" data-custom-properties=\"0.00\" >Servicios generales<\/option><option value=\"12\" data-amount=\"0.00\" data-custom-properties=\"0.00\" >Suscripci\u00f3n<\/option><option value=\"13\" data-amount=\"0.00\" data-custom-properties=\"0.00\" >T\u00e9cnico<\/option><option value=\"14\" data-amount=\"0.00\" data-custom-properties=\"0.00\" >TI<\/option><\/select><\/div><div id=\"wpforms-9788-field_6-container\" class=\"wpforms-field wpforms-field-payment-select wpforms-field-select-style-modern\" data-field-id=\"6\"><label class=\"wpforms-field-label\" for=\"wpforms-9788-field_6\">\u00daltimo nivel de educaci\u00f3n finalizado: <span class=\"wpforms-required-label\" aria-hidden=\"true\">*<\/span><\/label><select id=\"wpforms-9788-field_6\" class=\"wpforms-payment-price wpforms-field-medium wpforms-field-required choicesjs-select\" data-size-class=\"wpforms-field-row wpforms-field-medium\" data-search-enabled=\"1\" name=\"wpforms[fields][6]\" required=\"required\"><option value=\"\" class=\"placeholder\" disabled  selected='selected'>Selecciona una opci\u00f3n<\/option><option value=\"1\" data-amount=\"0.00\" data-custom-properties=\"0.00\" >Primaria<\/option><option value=\"2\" data-amount=\"0.00\" data-custom-properties=\"0.00\" >Secundaria general<\/option><option value=\"3\" data-amount=\"0.00\" data-custom-properties=\"0.00\" >Secundaria diversificada<\/option><option value=\"4\" data-amount=\"0.00\" data-custom-properties=\"0.00\" >T\u00e9cnico medio<\/option><option value=\"5\" data-amount=\"0.00\" data-custom-properties=\"0.00\" >Diplomado universitario<\/option><option value=\"6\" data-amount=\"0.00\" data-custom-properties=\"0.00\" >Bachillerato universitario<\/option><option value=\"7\" data-amount=\"0.00\" data-custom-properties=\"0.00\" >Licenciatura universitaria<\/option><option value=\"8\" data-amount=\"0.00\" data-custom-properties=\"0.00\" >Maestr\u00eda<\/option><option value=\"9\" data-amount=\"0.00\" data-custom-properties=\"0.00\" >Doctorado<\/option><\/select><\/div><script>\n\t\t\t\t( function() {\n\t\t\t\t\tconst style = document.createElement( 'style' );\n\t\t\t\t\tstyle.appendChild( document.createTextNode( '#wpforms-9788-field_4-container { position: absolute !important; overflow: hidden !important; display: inline !important; height: 1px !important; width: 1px !important; z-index: -1000 !important; padding: 0 !important; } #wpforms-9788-field_4-container input { visibility: hidden; } #wpforms-conversational-form-page #wpforms-9788-field_4-container label { counter-increment: none; }' ) );\n\t\t\t\t\tdocument.head.appendChild( style );\n\t\t\t\t\tdocument.currentScript?.remove();\n\t\t\t\t} )();\n\t\t\t<\/script><\/div><!-- .wpforms-field-container --><div class=\"wpforms-submit-container\" ><input type=\"hidden\" name=\"wpforms[id]\" value=\"9788\"><input type=\"hidden\" name=\"page_title\" value=\"\"><input type=\"hidden\" name=\"page_url\" value=\"https:\/\/mnkseguroscr.com\/mnk-new\/wp-json\/wp\/v2\/pages\/9758\"><input type=\"hidden\" name=\"url_referer\" value=\"\"><button type=\"submit\" name=\"wpforms[submit]\" id=\"wpforms-submit-9788\" class=\"wpforms-submit\" data-alt-text=\"Enviando...\" data-submit-text=\"Enviar\" aria-live=\"assertive\" value=\"wpforms-submit\">Enviar<\/button><img decoding=\"async\" src=\"https:\/\/mnkseguroscr.com\/mnk-new\/wp-content\/plugins\/wpforms-lite\/assets\/images\/submit-spin.svg\" class=\"wpforms-submit-spinner\" style=\"display: none;\" width=\"26\" height=\"26\" alt=\"Cargando\"><\/div><\/form><\/div>  <!-- .wpforms-container --><\/div>\n\t\t\t\t\t\t<\/div>\n\t\t\t\t<\/div>\n\t\t\t\t\t<\/div>\n\t\t\t\t<\/div>\n\t\t\t\t<\/div>\n\t\t","protected":false},"excerpt":{"rendered":"<p>Unite a nuestra familia y form\u00e1 parte de un entorno de colaboraci\u00f3n, lleno de grandes retos profesionales. Aprovech\u00e1 la oportunidad de desarrollarte como profesional y persona. En MNK Seguros, te ofrecemos un moderno y atractivo programa de compensaci\u00f3n y beneficios, as\u00ed como una cultura colaborativa donde todos participan para construir un buen lugar para trabajar. [&hellip;]<\/p>\n","protected":false},"author":3,"featured_media":0,"parent":0,"menu_order":0,"comment_status":"closed","ping_status":"closed","template":"","meta":{"_acf_changed":false,"inline_featured_image":false,"footnotes":""},"class_list":["post-9758","page","type-page","status-publish","hentry"],"acf":[],"aioseo_notices":[],"_links":{"self":[{"href":"https:\/\/mnkseguroscr.com\/mnk-new\/wp-json\/wp\/v2\/pages\/9758","targetHints":{"allow":["GET"]}}],"collection":[{"href":"https:\/\/mnkseguroscr.com\/mnk-new\/wp-json\/wp\/v2\/pages"}],"about":[{"href":"https:\/\/mnkseguroscr.com\/mnk-new\/wp-json\/wp\/v2\/types\/page"}],"author":[{"embeddable":true,"href":"https:\/\/mnkseguroscr.com\/mnk-new\/wp-json\/wp\/v2\/users\/3"}],"replies":[{"embeddable":true,"href":"https:\/\/mnkseguroscr.com\/mnk-new\/wp-json\/wp\/v2\/comments?post=9758"}],"version-history":[{"count":34,"href":"https:\/\/mnkseguroscr.com\/mnk-new\/wp-json\/wp\/v2\/pages\/9758\/revisions"}],"predecessor-version":[{"id":21151,"href":"https:\/\/mnkseguroscr.com\/mnk-new\/wp-json\/wp\/v2\/pages\/9758\/revisions\/21151"}],"wp:attachment":[{"href":"https:\/\/mnkseguroscr.com\/mnk-new\/wp-json\/wp\/v2\/media?parent=9758"}],"curies":[{"name":"wp","href":"https:\/\/api.w.org\/{rel}","templated":true}]}}