{"id":9935,"date":"2025-11-25T20:56:32","date_gmt":"2025-11-25T20:56:32","guid":{"rendered":"https:\/\/mnkseguroscr.com\/mnk-new\/?page_id=9935"},"modified":"2026-04-15T19:21:29","modified_gmt":"2026-04-15T19:21:29","slug":"pagos","status":"publish","type":"page","link":"https:\/\/mnkseguroscr.com\/mnk-new\/pagos\/","title":{"rendered":"Pagos"},"content":{"rendered":"\t\t<div data-elementor-type=\"wp-page\" data-elementor-id=\"9935\" class=\"elementor elementor-9935\" wpc-filter-elementor-widget=\"1\">\n\t\t\t\t<div class=\"elementor-element elementor-element-6ae7e72 e-flex e-con-boxed e-con e-parent\" data-id=\"6ae7e72\" data-element_type=\"container\" data-e-type=\"container\">\n\t\t\t\t\t<div class=\"e-con-inner\">\n\t\t\t\t<div class=\"elementor-element elementor-element-d3179a7 elementor-widget elementor-widget-n-accordion\" data-id=\"d3179a7\" data-element_type=\"widget\" data-e-type=\"widget\" data-settings=\"{&quot;default_state&quot;:&quot;expanded&quot;,&quot;max_items_expended&quot;:&quot;one&quot;,&quot;n_accordion_animation_duration&quot;:{&quot;unit&quot;:&quot;ms&quot;,&quot;size&quot;:400,&quot;sizes&quot;:[]}}\" data-widget_type=\"nested-accordion.default\">\n\t\t\t\t<div class=\"elementor-widget-container\">\n\t\t\t\t\t\t\t<div class=\"e-n-accordion\" aria-label=\"Accordion. Open links with Enter or Space, close with Escape, and navigate with Arrow Keys\">\n\t\t\t\t\t\t<details id=\"e-n-accordion-item-2210\" class=\"e-n-accordion-item\" open>\n\t\t\t\t<summary class=\"e-n-accordion-item-title\" data-accordion-index=\"1\" tabindex=\"0\" aria-expanded=\"true\" aria-controls=\"e-n-accordion-item-2210\" >\n\t\t\t\t\t<span class='e-n-accordion-item-title-header'><div class=\"e-n-accordion-item-title-text\"> \u00bfC\u00f3mo hago para cambiar la tarjeta que tengo registrada autom\u00e1ticamente para el pago de mi seguro? <\/div><\/span>\n\t\t\t\t\t\t\t<span class='e-n-accordion-item-title-icon'>\n\t\t\t<span class='e-opened' ><svg aria-hidden=\"true\" class=\"e-font-icon-svg e-fas-minus\" viewBox=\"0 0 448 512\" xmlns=\"http:\/\/www.w3.org\/2000\/svg\"><path d=\"M416 208H32c-17.67 0-32 14.33-32 32v32c0 17.67 14.33 32 32 32h384c17.67 0 32-14.33 32-32v-32c0-17.67-14.33-32-32-32z\"><\/path><\/svg><\/span>\n\t\t\t<span class='e-closed'><svg aria-hidden=\"true\" class=\"e-font-icon-svg e-fas-angle-down\" viewBox=\"0 0 320 512\" xmlns=\"http:\/\/www.w3.org\/2000\/svg\"><path d=\"M143 352.3L7 216.3c-9.4-9.4-9.4-24.6 0-33.9l22.6-22.6c9.4-9.4 24.6-9.4 33.9 0l96.4 96.4 96.4-96.4c9.4-9.4 24.6-9.4 33.9 0l22.6 22.6c9.4 9.4 9.4 24.6 0 33.9l-136 136c-9.2 9.4-24.4 9.4-33.8 0z\"><\/path><\/svg><\/span>\n\t\t<\/span>\n\n\t\t\t\t\t\t<\/summary>\n\t\t\t\t<div role=\"region\" aria-labelledby=\"e-n-accordion-item-2210\" class=\"elementor-element elementor-element-adbade2 e-con-full e-flex e-con e-child\" data-id=\"adbade2\" data-element_type=\"container\" data-e-type=\"container\">\n\t\t\t\t<div class=\"elementor-element elementor-element-0a9557d elementor-widget elementor-widget-text-editor\" data-id=\"0a9557d\" data-element_type=\"widget\" data-e-type=\"widget\" data-widget_type=\"text-editor.default\">\n\t\t\t\t<div class=\"elementor-widget-container\">\n\t\t\t\t\t\t\t\t\t<ul><li><strong>Si s\u00f3lo ten\u00e9s que actualizar el vencimiento de tu tarjeta:<\/strong>\u00a0envianos el nuevo dato al correo\u00a0<span style=\"color: #008e97;\"><strong><a class=\"alinkhover\" style=\"color: #008e97;\" href=\"mailto:cobros@mnkseguros.com\">cobros@mnkseguros.com<\/a>.<\/strong><\/span><\/li><\/ul><ul><li><strong>Si ten\u00e9s que actualizar la numeraci\u00f3n de tu tarjeta:<\/strong>\u00a0deb\u00e9s llenar nuevamente la boleta de cargo autom\u00e1tico, la cual pod\u00e9s descargar\u00a0<span style=\"color: #008e97;\"><strong><a class=\"alinkhover\" style=\"color: #008e97;\" href=\"https:\/\/mnkseguros.com\/documentacion\/boleta-de-autorizacion-de-cargo-automatico\/\" target=\"_blank\" rel=\"noopener\">aqu\u00ed<\/a>.<\/strong><\/span><\/li><\/ul>\t\t\t\t\t\t\t\t<\/div>\n\t\t\t\t<\/div>\n\t\t\t\t<\/div>\n\t\t\t\t\t<\/details>\n\t\t\t\t\t\t<details id=\"e-n-accordion-item-2211\" class=\"e-n-accordion-item\" >\n\t\t\t\t<summary class=\"e-n-accordion-item-title\" data-accordion-index=\"2\" tabindex=\"-1\" aria-expanded=\"false\" aria-controls=\"e-n-accordion-item-2211\" >\n\t\t\t\t\t<span class='e-n-accordion-item-title-header'><div class=\"e-n-accordion-item-title-text\"> \u00bfD\u00f3nde puedo realizar el pago del deducible? <\/div><\/span>\n\t\t\t\t\t\t\t<span class='e-n-accordion-item-title-icon'>\n\t\t\t<span class='e-opened' ><svg aria-hidden=\"true\" class=\"e-font-icon-svg e-fas-minus\" viewBox=\"0 0 448 512\" xmlns=\"http:\/\/www.w3.org\/2000\/svg\"><path d=\"M416 208H32c-17.67 0-32 14.33-32 32v32c0 17.67 14.33 32 32 32h384c17.67 0 32-14.33 32-32v-32c0-17.67-14.33-32-32-32z\"><\/path><\/svg><\/span>\n\t\t\t<span class='e-closed'><svg aria-hidden=\"true\" class=\"e-font-icon-svg e-fas-angle-down\" viewBox=\"0 0 320 512\" xmlns=\"http:\/\/www.w3.org\/2000\/svg\"><path d=\"M143 352.3L7 216.3c-9.4-9.4-9.4-24.6 0-33.9l22.6-22.6c9.4-9.4 24.6-9.4 33.9 0l96.4 96.4 96.4-96.4c9.4-9.4 24.6-9.4 33.9 0l22.6 22.6c9.4 9.4 9.4 24.6 0 33.9l-136 136c-9.2 9.4-24.4 9.4-33.8 0z\"><\/path><\/svg><\/span>\n\t\t<\/span>\n\n\t\t\t\t\t\t<\/summary>\n\t\t\t\t<div role=\"region\" aria-labelledby=\"e-n-accordion-item-2211\" class=\"elementor-element elementor-element-22bf28b e-con-full e-flex e-con e-child\" data-id=\"22bf28b\" data-element_type=\"container\" data-e-type=\"container\">\n\t\t\t\t<div class=\"elementor-element elementor-element-d2ba330 elementor-widget elementor-widget-text-editor\" data-id=\"d2ba330\" data-element_type=\"widget\" data-e-type=\"widget\" data-widget_type=\"text-editor.default\">\n\t\t\t\t<div class=\"elementor-widget-container\">\n\t\t\t\t\t\t\t\t\t<p>Pod\u00e9s realizar el pago mediante transferencia a las siguientes cuentas:<\/p><p><strong>Banco Nacional de Costa Rica<\/strong><br \/><strong>C\u00e9dula Jur\u00eddica:<\/strong>\u00a03-101- 666929<\/p><ul><li><strong>Cuenta en colones:<\/strong>\u00a0100-01- 002-015149- 0<br \/>Cuenta cliente: 15100210010151496<br \/>IBAN: CR83015100210010151496<\/li><\/ul><ul><li><strong>Cuenta en d\u00f3lares:<\/strong>\u00a0100-02- 002-601760- 0<br \/>Cuenta cliente 15100210026017601<br \/>IBAN: CR34015100210026017601<\/li><\/ul><p>A nombre de MNK Seguros, indicando en el detalle el n\u00famero de placa y enviando un correo para confirmar el pago a <span style=\"color: #008e97;\"><strong><a style=\"color: #008e97;\" title=\"indemnizaciones@mnkseguros.com\" href=\"mailto:indemnizaciones@mnkseguros.com\">indemnizaciones@mnkseguros.com<\/a><\/strong><\/span>, o bien en las oficinas centrales ubicadas en Sabana o en nuestro Centro de Servicios ubicado en La Uruca as\u00ed como en los centros de servicio de Heredia y Curridabat.<\/p>\t\t\t\t\t\t\t\t<\/div>\n\t\t\t\t<\/div>\n\t\t\t\t<\/div>\n\t\t\t\t\t<\/details>\n\t\t\t\t\t<\/div>\n\t\t\t\t\t\t<\/div>\n\t\t\t\t<\/div>\n\t\t\t\t\t<\/div>\n\t\t\t\t<\/div>\n\t\t\t\t<\/div>\n\t\t","protected":false},"excerpt":{"rendered":"<p>\u00bfC\u00f3mo hago para cambiar la tarjeta que tengo registrada autom\u00e1ticamente para el pago de mi seguro? Si s\u00f3lo ten\u00e9s que actualizar el vencimiento de tu tarjeta:\u00a0envianos el nuevo dato al correo\u00a0cobros@mnkseguros.com. Si ten\u00e9s que actualizar la numeraci\u00f3n de tu tarjeta:\u00a0deb\u00e9s llenar nuevamente la boleta de cargo autom\u00e1tico, la cual pod\u00e9s descargar\u00a0aqu\u00ed. \u00bfD\u00f3nde puedo realizar el [&hellip;]<\/p>\n","protected":false},"author":3,"featured_media":0,"parent":0,"menu_order":0,"comment_status":"closed","ping_status":"closed","template":"","meta":{"_acf_changed":false,"inline_featured_image":false,"footnotes":""},"class_list":["post-9935","page","type-page","status-publish","hentry"],"acf":[],"aioseo_notices":[],"_links":{"self":[{"href":"https:\/\/mnkseguroscr.com\/mnk-new\/wp-json\/wp\/v2\/pages\/9935","targetHints":{"allow":["GET"]}}],"collection":[{"href":"https:\/\/mnkseguroscr.com\/mnk-new\/wp-json\/wp\/v2\/pages"}],"about":[{"href":"https:\/\/mnkseguroscr.com\/mnk-new\/wp-json\/wp\/v2\/types\/page"}],"author":[{"embeddable":true,"href":"https:\/\/mnkseguroscr.com\/mnk-new\/wp-json\/wp\/v2\/users\/3"}],"replies":[{"embeddable":true,"href":"https:\/\/mnkseguroscr.com\/mnk-new\/wp-json\/wp\/v2\/comments?post=9935"}],"version-history":[{"count":25,"href":"https:\/\/mnkseguroscr.com\/mnk-new\/wp-json\/wp\/v2\/pages\/9935\/revisions"}],"predecessor-version":[{"id":22135,"href":"https:\/\/mnkseguroscr.com\/mnk-new\/wp-json\/wp\/v2\/pages\/9935\/revisions\/22135"}],"wp:attachment":[{"href":"https:\/\/mnkseguroscr.com\/mnk-new\/wp-json\/wp\/v2\/media?parent=9935"}],"curies":[{"name":"wp","href":"https:\/\/api.w.org\/{rel}","templated":true}]}}